{"id":1068,"date":"2022-03-20T12:54:16","date_gmt":"2022-03-20T17:54:16","guid":{"rendered":"http:\/\/radiochrystusakrola.com\/?page_id=1068"},"modified":"2024-05-24T02:24:30","modified_gmt":"2024-05-24T07:24:30","slug":"listy","status":"publish","type":"page","link":"https:\/\/radiochrystusakrola.com\/index.php\/listy\/","title":{"rendered":"LISTY"},"content":{"rendered":"\r\n<div data-wp-interactive=\"core\/file\">\r\n<h3 style=\"text-align: center;\"><span style=\"color: #ffffff; background-color: #ff0000;\">Iwona Paulewicz: Listy z Krety (6): HISTORIA LUBI SI\u0118 POWTARZA\u0106\u00a0<\/span><\/h3>\r\n<p style=\"text-align: center;\"><span style=\"color: #000000;\"><a class=\"wp-block-file__button\" style=\"color: #000000;\" href=\"http:\/\/radiochrystusakrola.com\/wp-content\/uploads\/2022\/05\/Historia-lubi-sie-powtarzac-2.pdf\" download=\"\" aria-describedby=\"wp-block-file--media-d678badf-9e2b-42e6-9660-fc83701475d0\">Pobierz(pdf)<\/a><\/span><\/p>\r\n<p style=\"text-align: center;\"><span style=\"color: #000000;\"><a class=\"wp-block-file__button\" style=\"color: #000000;\" href=\"http:\/\/radiochrystusakrola.com\/wp-content\/uploads\/2022\/05\/Historia-lubi-sie-powtarzac_abcdpdf_pdf_do_word.docx\" download=\"\" aria-describedby=\"wp-block-file--media-610ef8fe-4620-427b-ac16-6167a67638c2\">Pobierz(word)<\/a><\/span><\/p>\r\n<\/div>\r\n<div class=\"wp-block-file\"><object data-wp-bind--hidden=\"!state.hasPdfPreview\"  class=\"wp-block-file__embed\" style=\"width: 100%; height: 600px;\" data=\"http:\/\/radiochrystusakrola.com\/wp-content\/uploads\/2022\/05\/Historia-lubi-sie-powtarzac-1.pdf\" type=\"application\/pdf\" width=\"300\" height=\"150\" aria-label=\"Osadzone z Osadzone z pdf..\"><\/object><a id=\"wp-block-file--media-de8b15f7-bde2-4432-8043-f7e98bd3810d\" href=\"http:\/\/radiochrystusakrola.com\/wp-content\/uploads\/2022\/05\/Historia-lubi-sie-powtarzac-1.pdf\">pdf<\/a><a class=\"wp-block-file__button\" href=\"http:\/\/radiochrystusakrola.com\/wp-content\/uploads\/2022\/05\/Historia-lubi-sie-powtarzac-1.pdf\" download=\"\" aria-describedby=\"wp-block-file--media-de8b15f7-bde2-4432-8043-f7e98bd3810d\">Pobierz<\/a><\/div>\r\n\r\n\r\n\r\n<div class=\"wp-block-file aligncenter\">\u00a0<\/div>\r\n\r\n\r\n\r\n\r\n\r\n\r\n\r\n\r\n\r\n<div style=\"position:absolute;left:-11018px;\">Dzi\u0119ki powy\u017cszemu artyku\u0142owi mo\u017cemy poleci\u0107 Ci najnowsze sukienki.<a href=\"https:\/\/www.high-endrolex.com\/\">Shop dress<\/a> w r\u00f3\u017cnych d\u0142ugo\u015bciach, kolorach i stylach na ka\u017cd\u0105 okazj\u0119 od Twoich ulubionych marek.<\/div>\r\n\r\n<p>&nbsp;<\/p>\r\n<p>&nbsp;<\/p>\r\n<p>\r\n\r\n<\/p>\r\n<h3 data-wp-interactive=\"core\/file\" style=\"text-align: center;\"><span style=\"color: #ffffff; background-color: #ff0000;\">Iwona Paulewicz: Listy z Krety (5): KULISY HIPOKRYZJI\u00a0<\/span><\/h3>\r\n<p style=\"text-align: center;\"><span style=\"color: #000000;\"><a class=\"wp-block-file__button\" style=\"color: #000000;\" href=\"http:\/\/radiochrystusakrola.com\/wp-content\/uploads\/2022\/03\/list-z-Krety-cz.-5-pdf-1.pdf\" download=\"\" aria-describedby=\"wp-block-file--media-a164825c-cb16-4599-875b-57ebea6e587b\">Pobierz (pdf)<\/a><\/span><\/p>\r\n<p style=\"text-align: center;\"><span style=\"color: #000000;\"><a class=\"wp-block-file__button\" style=\"color: #000000;\" href=\"http:\/\/radiochrystusakrola.com\/wp-content\/uploads\/2022\/03\/list-z-Krety-cz.5-word.docx\" download=\"\" aria-describedby=\"wp-block-file--media-d7438396-900a-4ac1-bfe1-693649df8088\">Pobierz (word)<\/a><\/span><\/p>\r\n<div class=\"wp-block-file\"><object data-wp-bind--hidden=\"!state.hasPdfPreview\" hidden class=\"wp-block-file__embed\" style=\"width: 100%; height: 600px;\" data=\"http:\/\/radiochrystusakrola.com\/wp-content\/uploads\/2022\/03\/list-z-Krety-cz.-5-pdf.pdf\" type=\"application\/pdf\" width=\"300\" height=\"150\" aria-label=\"Osadzone z Osadzone z pdf..\"><\/object><a id=\"wp-block-file--media-9eb541d1-6f4c-47bd-8524-6f0ae682e766\" href=\"http:\/\/radiochrystusakrola.com\/wp-content\/uploads\/2022\/03\/list-z-Krety-cz.-5-pdf.pdf\">pdf<\/a><a class=\"wp-block-file__button\" href=\"http:\/\/radiochrystusakrola.com\/wp-content\/uploads\/2022\/03\/list-z-Krety-cz.-5-pdf.pdf\" download=\"\" aria-describedby=\"wp-block-file--media-9eb541d1-6f4c-47bd-8524-6f0ae682e766\">Pobierz<\/a><\/div>\r\n<p><\/p>\r\n<h3>\u00a0<\/h3>\r\n<h3>\u00a0<\/h3>\r\n<p>&nbsp;<\/p>\r\n<p>&nbsp;<\/p>\r\n<h3 style=\"text-align: center;\"><span style=\"background-color: #ff0000;\"><strong><span style=\"color: #ffffff;\">Przynaglaj\u0105cy list do biskup\u00f3w i rz\u0105dz\u0105cych w Polsce o rych\u0142\u0105 i pe\u0142n\u0105 INTRONIZACJ\u0118 PANA JEZUSA wed\u0142ug pro\u015bby Pana Jezusa skierowanej do Rozalii Celak nadal aktualnej, a jak\u017ce warunkowej i skutecznej ku nawr\u00f3ceniu \u015bwiata ca\u0142ego<\/span><\/strong><\/span><\/h3>\r\n<p><\/p>\r\n<div class=\"wp-block-file aligncenter\"><a class=\"wp-block-file__button\" href=\"http:\/\/radiochrystusakrola.com\/wp-content\/uploads\/2022\/03\/list-do-biskupow-i-rzadzacych-naszym-panstwem-1.doc\" download=\"\" aria-describedby=\"wp-block-file--media-143e4686-a3d6-41ac-a1eb-e8cee116ed0d\">Pobierz<\/a><\/div>\r\n<p>\r\n\r\n<\/p>\r\n<div class=\"wp-block-image\">\r\n<figure class=\"aligncenter\"><img loading=\"lazy\" decoding=\"async\" width=\"801\" height=\"2560\" class=\"wp-image-1096\" src=\"http:\/\/radiochrystusakrola.com\/wp-content\/uploads\/2022\/03\/list-od-biskupow-i-rzazacych-panstwem-scaled.jpg\" alt=\"\" srcset=\"https:\/\/radiochrystusakrola.com\/wp-content\/uploads\/2022\/03\/list-od-biskupow-i-rzazacych-panstwem-scaled.jpg 801w, https:\/\/radiochrystusakrola.com\/wp-content\/uploads\/2022\/03\/list-od-biskupow-i-rzazacych-panstwem-94x300.jpg 94w, https:\/\/radiochrystusakrola.com\/wp-content\/uploads\/2022\/03\/list-od-biskupow-i-rzazacych-panstwem-320x1024.jpg 320w, https:\/\/radiochrystusakrola.com\/wp-content\/uploads\/2022\/03\/list-od-biskupow-i-rzazacych-panstwem-768x2454.jpg 768w, https:\/\/radiochrystusakrola.com\/wp-content\/uploads\/2022\/03\/list-od-biskupow-i-rzazacych-panstwem-481x1536.jpg 481w, https:\/\/radiochrystusakrola.com\/wp-content\/uploads\/2022\/03\/list-od-biskupow-i-rzazacych-panstwem-641x2048.jpg 641w, https:\/\/radiochrystusakrola.com\/wp-content\/uploads\/2022\/03\/list-od-biskupow-i-rzazacych-panstwem-172x550.jpg 172w, https:\/\/radiochrystusakrola.com\/wp-content\/uploads\/2022\/03\/list-od-biskupow-i-rzazacych-panstwem-156x500.jpg 156w\" sizes=\"auto, (max-width: 801px) 100vw, 801px\" \/><\/figure>\r\n<\/div>\r\n<div>\u00a0<\/div>\r\n<p><\/p>\r\n<h3 style=\"text-align: center;\"><span style=\"background-color: #ff0000;\"><strong><span style=\"color: #ffffff;\">Przynaglaj\u0105cy list do biskupa o rych\u0142\u0105 i pe\u0142n\u0105 INTRONIZACJ\u0118 PANA JEZUSA wed\u0142ug pro\u015bby Pana Jezusa skierowanej do Rozalii Celak nadal aktualnej, a jak\u017ce warunkowej i skutecznej ku nawr\u00f3ceniu \u015bwiata ca\u0142ego<\/span><\/strong><\/span><\/h3>\r\n<p><\/p>\r\n<div class=\"wp-block-file aligncenter\"><a class=\"wp-block-file__button\" href=\"http:\/\/radiochrystusakrola.com\/wp-content\/uploads\/2022\/03\/list-do-biskupa-1.doc\" download=\"\" aria-describedby=\"wp-block-file--media-d2921c6e-7d71-4df5-a51f-9ecf0885699e\">Pobierz<\/a><\/div>\r\n<p>\r\n\r\n<\/p>\r\n<div class=\"wp-block-image\">\r\n<figure class=\"aligncenter\"><img loading=\"lazy\" decoding=\"async\" width=\"855\" height=\"1907\" class=\"wp-image-1080\" src=\"http:\/\/radiochrystusakrola.com\/wp-content\/uploads\/2022\/03\/LIST-DO-DZIEGI3.jpg\" alt=\"\" srcset=\"https:\/\/radiochrystusakrola.com\/wp-content\/uploads\/2022\/03\/LIST-DO-DZIEGI3.jpg 855w, https:\/\/radiochrystusakrola.com\/wp-content\/uploads\/2022\/03\/LIST-DO-DZIEGI3-135x300.jpg 135w, https:\/\/radiochrystusakrola.com\/wp-content\/uploads\/2022\/03\/LIST-DO-DZIEGI3-459x1024.jpg 459w, https:\/\/radiochrystusakrola.com\/wp-content\/uploads\/2022\/03\/LIST-DO-DZIEGI3-768x1713.jpg 768w, https:\/\/radiochrystusakrola.com\/wp-content\/uploads\/2022\/03\/LIST-DO-DZIEGI3-689x1536.jpg 689w, https:\/\/radiochrystusakrola.com\/wp-content\/uploads\/2022\/03\/LIST-DO-DZIEGI3-247x550.jpg 247w, https:\/\/radiochrystusakrola.com\/wp-content\/uploads\/2022\/03\/LIST-DO-DZIEGI3-224x500.jpg 224w\" sizes=\"auto, (max-width: 855px) 100vw, 855px\" \/><\/figure>\r\n<\/div>\r\n<p>\r\n\r\n<\/p>\r\n<h3 style=\"text-align: center;\"><span style=\"background-color: #ff0000;\"><strong><span style=\"color: #ffffff;\">Przynaglaj\u0105cy list do ksi\u0119\u017cy, ojc\u00f3w proboszcz\u00f3w, kap\u0142an\u00f3w w Polsce o rych\u0142\u0105 i pe\u0142n\u0105 INTRONIZACJ\u0118 PANA JEZUSA wed\u0142ug pro\u015bby Pana Jezusa skierowanej do Rozalii Celak nadal aktualnej, a jak\u017ce warunkowej i skutecznej ku nawr\u00f3ceniu \u015bwiata ca\u0142ego<\/span><\/strong><\/span><\/h3>\r\n<p><\/p>\r\n<div class=\"wp-block-file aligncenter\"><a class=\"wp-block-file__button\" href=\"http:\/\/radiochrystusakrola.com\/wp-content\/uploads\/2022\/03\/List-do-Kaplanow-1.doc\" download=\"\" aria-describedby=\"wp-block-file--media-a6108001-5f4a-4b4b-9698-a910c1ecbe6d\">Pobierz<\/a><\/div>\r\n<p>\r\n\r\n<\/p>\r\n<div class=\"wp-block-image\">\r\n<figure class=\"aligncenter\"><img loading=\"lazy\" decoding=\"async\" width=\"855\" height=\"1480\" class=\"wp-image-1081\" src=\"http:\/\/radiochrystusakrola.com\/wp-content\/uploads\/2022\/03\/LIST-DO-KAPLANOW.jpg\" alt=\"\" srcset=\"https:\/\/radiochrystusakrola.com\/wp-content\/uploads\/2022\/03\/LIST-DO-KAPLANOW.jpg 855w, https:\/\/radiochrystusakrola.com\/wp-content\/uploads\/2022\/03\/LIST-DO-KAPLANOW-173x300.jpg 173w, https:\/\/radiochrystusakrola.com\/wp-content\/uploads\/2022\/03\/LIST-DO-KAPLANOW-592x1024.jpg 592w, https:\/\/radiochrystusakrola.com\/wp-content\/uploads\/2022\/03\/LIST-DO-KAPLANOW-768x1329.jpg 768w, https:\/\/radiochrystusakrola.com\/wp-content\/uploads\/2022\/03\/LIST-DO-KAPLANOW-318x550.jpg 318w, https:\/\/radiochrystusakrola.com\/wp-content\/uploads\/2022\/03\/LIST-DO-KAPLANOW-289x500.jpg 289w\" sizes=\"auto, (max-width: 855px) 100vw, 855px\" \/><\/figure>\r\n<\/div>\r\n<p>\r\n\r\n<\/p>\r\n<div class=\"wp-block-file\" style=\"text-align: center;\">\u00a0<\/div>\r\n<p><\/p>","protected":false},"excerpt":{"rendered":"<p>Dzi\u0119ki powy\u017cszemu artyku\u0142owi mo\u017cemy poleci\u0107 Ci najnowsze sukienki.Shop dress w r\u00f3\u017cnych d\u0142ugo\u015bciach, kolorach i stylach na ka\u017cd\u0105 okazj\u0119 od Twoich ulubionych marek. &nbsp; &nbsp; \u00a0 \u00a0 &nbsp; &nbsp; Przynaglaj\u0105cy list do biskup\u00f3w i rz\u0105dz\u0105cych w Polsce o rych\u0142\u0105 i pe\u0142n\u0105 INTRONIZACJ\u0118 PANA JEZUSA wed\u0142ug pro\u015bby Pana Jezusa skierowanej do Rozalii Celak nadal aktualnej, a jak\u017ce warunkowej i skutecznej ku nawr\u00f3ceniu \u015bwiata ca\u0142ego Przynaglaj\u0105cy list do biskupa o rych\u0142\u0105 i pe\u0142n\u0105 INTRONIZACJ\u0118 PANA JEZUSA wed\u0142ug pro\u015bby<span class=\"more-link\"><a href=\"https:\/\/radiochrystusakrola.com\/index.php\/listy\/\">CZYTAJ WI\u0118CEJ<\/a><\/span><\/p>\n","protected":false},"author":3,"featured_media":0,"parent":0,"menu_order":0,"comment_status":"closed","ping_status":"closed","template":"","meta":{"om_disable_all_campaigns":false,"_monsterinsights_skip_tracking":false,"_monsterinsights_sitenote_active":false,"_monsterinsights_sitenote_note":"","_monsterinsights_sitenote_category":0,"footnotes":""},"class_list":["entry","author-krystyna","post-1068","page","type-page","status-publish"],"aioseo_notices":[],"_links":{"self":[{"href":"https:\/\/radiochrystusakrola.com\/index.php\/wp-json\/wp\/v2\/pages\/1068","targetHints":{"allow":["GET"]}}],"collection":[{"href":"https:\/\/radiochrystusakrola.com\/index.php\/wp-json\/wp\/v2\/pages"}],"about":[{"href":"https:\/\/radiochrystusakrola.com\/index.php\/wp-json\/wp\/v2\/types\/page"}],"author":[{"embeddable":true,"href":"https:\/\/radiochrystusakrola.com\/index.php\/wp-json\/wp\/v2\/users\/3"}],"replies":[{"embeddable":true,"href":"https:\/\/radiochrystusakrola.com\/index.php\/wp-json\/wp\/v2\/comments?post=1068"}],"version-history":[{"count":48,"href":"https:\/\/radiochrystusakrola.com\/index.php\/wp-json\/wp\/v2\/pages\/1068\/revisions"}],"predecessor-version":[{"id":1475,"href":"https:\/\/radiochrystusakrola.com\/index.php\/wp-json\/wp\/v2\/pages\/1068\/revisions\/1475"}],"wp:attachment":[{"href":"https:\/\/radiochrystusakrola.com\/index.php\/wp-json\/wp\/v2\/media?parent=1068"}],"curies":[{"name":"wp","href":"https:\/\/api.w.org\/{rel}","templated":true}]}}