{"id":1359,"date":"2022-03-26T14:50:41","date_gmt":"2022-03-26T19:50:41","guid":{"rendered":"http:\/\/radiochrystusakrola.com\/?page_id=1359"},"modified":"2022-03-26T14:54:39","modified_gmt":"2022-03-26T19:54:39","slug":"modlitwa-o-uzdrowienie-2","status":"publish","type":"page","link":"https:\/\/radiochrystusakrola.com\/index.php\/modlitwa-o-uzdrowienie-2\/","title":{"rendered":"MODLITWA O UZDROWIENIE"},"content":{"rendered":"<div class=\"_df_book df-lite\" id=\"df_1326\"  _slug=\"modlitwy-o-uzdrowienie\" data-title=\"modlitwy-o-uzdrowienie\" wpoptions=\"true\" thumbtype=\"\" ><\/div><script class=\"df-shortcode-script\" nowprocket type=\"application\/javascript\">window.option_df_1326 = {\"outline\":[],\"autoEnableOutline\":\"false\",\"autoEnableThumbnail\":\"false\",\"overwritePDFOutline\":\"false\",\"direction\":\"1\",\"pageSize\":\"0\",\"source\":\"http:\\\/\\\/radiochrystusakrola.com\\\/wp-content\\\/uploads\\\/2022\\\/03\\\/modlitwy_druk-2.pdf\",\"wpOptions\":\"true\"}; if(window.DFLIP && window.DFLIP.parseBooks){window.DFLIP.parseBooks();}<\/script>\n<p><iframe loading=\"lazy\" title=\"PREZYDENT SIEMIANOWIC \u015aL\u0104SKICH, RAFA\u0141 PIECH: ODPOWIED\u0179 NA KOMENTARZE\" width=\"1260\" height=\"709\" src=\"https:\/\/www.youtube.com\/embed\/KlVBfixFKlQ?feature=oembed\" frameborder=\"0\" allow=\"accelerometer; autoplay; clipboard-write; encrypted-media; gyroscope; picture-in-picture\" allowfullscreen><\/iframe><\/p>\n<p><iframe loading=\"lazy\" title=\"Rafa\u0142 Piech: Ratujmy nasze dusze i dusze naszych dzieci!\" width=\"1260\" height=\"709\" src=\"https:\/\/www.youtube.com\/embed\/5PoemIskOPM?feature=oembed\" frameborder=\"0\" allow=\"accelerometer; autoplay; clipboard-write; encrypted-media; gyroscope; picture-in-picture\" allowfullscreen><\/iframe><\/p>\n<p>&nbsp;<\/p>\n","protected":false},"excerpt":{"rendered":"<p><span class=\"more-link\"><a href=\"https:\/\/radiochrystusakrola.com\/index.php\/modlitwa-o-uzdrowienie-2\/\">CZYTAJ WI\u0118CEJ<\/a><\/span><\/p>\n","protected":false},"author":3,"featured_media":0,"parent":0,"menu_order":0,"comment_status":"closed","ping_status":"closed","template":"","meta":{"om_disable_all_campaigns":false,"_monsterinsights_skip_tracking":false,"_monsterinsights_sitenote_active":false,"_monsterinsights_sitenote_note":"","_monsterinsights_sitenote_category":0,"footnotes":""},"class_list":["entry","author-krystyna","post-1359","page","type-page","status-publish"],"aioseo_notices":[],"_links":{"self":[{"href":"https:\/\/radiochrystusakrola.com\/index.php\/wp-json\/wp\/v2\/pages\/1359","targetHints":{"allow":["GET"]}}],"collection":[{"href":"https:\/\/radiochrystusakrola.com\/index.php\/wp-json\/wp\/v2\/pages"}],"about":[{"href":"https:\/\/radiochrystusakrola.com\/index.php\/wp-json\/wp\/v2\/types\/page"}],"author":[{"embeddable":true,"href":"https:\/\/radiochrystusakrola.com\/index.php\/wp-json\/wp\/v2\/users\/3"}],"replies":[{"embeddable":true,"href":"https:\/\/radiochrystusakrola.com\/index.php\/wp-json\/wp\/v2\/comments?post=1359"}],"version-history":[{"count":5,"href":"https:\/\/radiochrystusakrola.com\/index.php\/wp-json\/wp\/v2\/pages\/1359\/revisions"}],"predecessor-version":[{"id":1366,"href":"https:\/\/radiochrystusakrola.com\/index.php\/wp-json\/wp\/v2\/pages\/1359\/revisions\/1366"}],"wp:attachment":[{"href":"https:\/\/radiochrystusakrola.com\/index.php\/wp-json\/wp\/v2\/media?parent=1359"}],"curies":[{"name":"wp","href":"https:\/\/api.w.org\/{rel}","templated":true}]}}