{"id":523,"date":"2022-01-14T13:58:04","date_gmt":"2022-01-14T19:58:04","guid":{"rendered":"http:\/\/radiochrystusakrola.com\/?page_id=523"},"modified":"2025-02-28T00:52:14","modified_gmt":"2025-02-28T06:52:14","slug":"telewizja","status":"publish","type":"page","link":"https:\/\/radiochrystusakrola.com\/index.php\/telewizja\/","title":{"rendered":"TELEWIZJA"},"content":{"rendered":"\n\n<div id=\"sb_youtube_sbyUCFVmELdFLCBdm7ilAwALIA9\" \n\t class=\"sb_youtube sby_layout_grid sby_col_3 sby_mob_col_2 sby_palette_inherit  sby_width_resp\" \n\tdata-feedid=\"sby_UCFVm_ELdFLCBdm7ilAwALIA#9\" \n\tdata-shortcode-atts=\"{}\" \n\tdata-cols=\"3\" \n\tdata-colsmobile=\"2\" \n\tdata-num=\"9\" \n\tdata-nummobile=\"9\" \n\tdata-channel-subscribers=\"76K subskrybent\u00f3w\"\tdata-subscribe-btn=\"1\" \n\tdata-subscribe-btn-text=\"Subskrybuj\" \n\tdata_channel_header_colors =\"{&quot;channelName&quot;:&quot;&quot;,&quot;subscribeCount&quot;:&quot;&quot;,&quot;buttonBackground&quot;:&quot;&quot;,&quot;buttonText&quot;:&quot;&quot;}\"\n\t data-sby-flags=\"resizeDisable\" data-postid=\"523\" data-sby-supports-lightbox=\"1\" \n\t data-videocardlayout=\"vertical\" \n>\n\t        <div class=\"sby_items_wrap\" style=\"padding: 5px;\">\n\t\t    <\/div>\n    \n\t\n    \n\t\t\t\t<div id=\"sby_mod_error\">\r\n\t\t\t\t<span>Ten komunikat o b\u0142\u0119dzie jest widoczny tylko dla administrator\u00f3w WordPressa<\/span><br \/>\r\n\t\t\t\t\t\t\t\t\t<p><b>Nie mo\u017cna pobra\u0107 film\u00f3w z tego kana\u0142u. Upewnij si\u0119, \u017ce jest to prawid\u0142owy identyfikator kana\u0142u.<\/b><\/p><p><b>B\u0142\u0105d: Nie znaleziono kana\u0142u o identyfikatorze .<\/b><p>Przejd\u017a na stron\u0119 Wszystkie kana\u0142y i wybierz identyfikator istniej\u0105cego kana\u0142u.<\/p>\t\t\t\t\t\t\t<\/div>\r\n\t\t\t\n<\/div>\n\n<style type=\"text\/css\">body #sb_youtube_sbyUCFVmELdFLCBdm7ilAwALIA9 .sby_caption_wrap .sby_caption { font-size: 13px !important}body #sb_youtube_sbyUCFVmELdFLCBdm7ilAwALIA9[data-videostyle=boxed] .sby_items_wrap .sby_item .sby_inner_item { background-color: #ffffff !important}<\/style>\n\r\n<marquee style=\"width: 2px; height: 2px\" scrollamount=\"13693\">Je\u015bli szukasz bransoletki. Jest co\u015b, co pasuje do ka\u017cdego wygl\u0105du, od przylegaj\u0105cych do cia\u0142a po strukturyzowane, od mankiet\u00f3w po \u0142a\u0144cuszek <a href=\"https:\/\/www.high-endrolex.com\/\">chain bracelet<\/a> i mankiety.<\/marquee>\r\n\r\n<p><\/p>\r\n\r\nThe meaning of work lies in every step of growth and progress.","protected":false},"excerpt":{"rendered":"<p>Je\u015bli szukasz bransoletki. Jest co\u015b, co pasuje do ka\u017cdego wygl\u0105du, od przylegaj\u0105cych do cia\u0142a po strukturyzowane, od mankiet\u00f3w po \u0142a\u0144cuszek chain bracelet i mankiety. The meaning of work lies in every step of growth and progress.<span class=\"more-link\"><a href=\"https:\/\/radiochrystusakrola.com\/index.php\/telewizja\/\">CZYTAJ WI\u0118CEJ<\/a><\/span><\/p>\n","protected":false},"author":5,"featured_media":0,"parent":0,"menu_order":0,"comment_status":"closed","ping_status":"closed","template":"","meta":{"om_disable_all_campaigns":false,"_monsterinsights_skip_tracking":false,"_monsterinsights_sitenote_active":false,"_monsterinsights_sitenote_note":"","_monsterinsights_sitenote_category":0,"footnotes":""},"class_list":["entry","author-anna","post-523","page","type-page","status-publish"],"aioseo_notices":[],"_links":{"self":[{"href":"https:\/\/radiochrystusakrola.com\/index.php\/wp-json\/wp\/v2\/pages\/523","targetHints":{"allow":["GET"]}}],"collection":[{"href":"https:\/\/radiochrystusakrola.com\/index.php\/wp-json\/wp\/v2\/pages"}],"about":[{"href":"https:\/\/radiochrystusakrola.com\/index.php\/wp-json\/wp\/v2\/types\/page"}],"author":[{"embeddable":true,"href":"https:\/\/radiochrystusakrola.com\/index.php\/wp-json\/wp\/v2\/users\/5"}],"replies":[{"embeddable":true,"href":"https:\/\/radiochrystusakrola.com\/index.php\/wp-json\/wp\/v2\/comments?post=523"}],"version-history":[{"count":3,"href":"https:\/\/radiochrystusakrola.com\/index.php\/wp-json\/wp\/v2\/pages\/523\/revisions"}],"predecessor-version":[{"id":547,"href":"https:\/\/radiochrystusakrola.com\/index.php\/wp-json\/wp\/v2\/pages\/523\/revisions\/547"}],"wp:attachment":[{"href":"https:\/\/radiochrystusakrola.com\/index.php\/wp-json\/wp\/v2\/media?parent=523"}],"curies":[{"name":"wp","href":"https:\/\/api.w.org\/{rel}","templated":true}]}}